Let l = -265 + 309. Let m = 53 - l. Calculate the highest common factor of 243 and m.
9
Let b = 12 - -1. Suppose -5*f + 33 = b. Suppose -i = 2, 4*i = f*r + 30 - 234. Calculate the greatest common factor of r and 7.
7
Let w(i) = -2*i - 19. Let f = -60 + 48. Let n be w(f). Let z = 23 - n. What is the greatest common divisor of z and 12?
6
Suppose 0 = -0*m + m - f + 1, 8 = -3*m + 4*f. Suppose -1 = -5*v + m*n, -v + 4*n = v + 2. Calculate the greatest common factor of 13 and v.
1
Let m = -4458 + 4589. Calculate the highest common divisor of 2620 and m.
131
Let l be (-28)/(-6)*-2*24/(-28). Let f be -2*(3 - -1)*-2. What is the greatest common divisor of f and l?
8
Let y(c) = 8*c**3 - 115*c**2 + 7*c - 129. Let u be y(18). What is the highest common divisor of u and 62?
31
Let f(c) = 2*c**3 - 27*c**2 + 5*c + 8. Let s be f(0). Let y be (7 + -1)/(9/12). What is the highest common divisor of y and s?
8
Suppose 5*t = 2*c + 17106, -3*t + 2*c = -3575 - 6695. Calculate the highest common divisor of 4 and t.
2
Suppose 22*a + 70 = 5*p + 21*a, p + 2 = -3*a. What is the greatest common factor of p and 34086?
13
Suppose -p - 44 = -4*c, -6*c = -5*c - 4*p - 11. Let g(v) = v**3 - 10*v**2 + 5*v + 13. Let i be g(c). Calculate the greatest common divisor of i and 42.
21
Let u be (-17 + 13)*2*4114/(-8). What is the highest common factor of u and 34?
34
Let m = 27 + 78. Suppose -4*j - 252 = -7*j - 2*z, -j - z = -84. Calculate the highest common divisor of j and m.
21
Let a be (-25)/175 + (-13)/7. Let m be (43/(-2))/(1/a). Suppose 3*r - m = 29. Calculate the highest common factor of 96 and r.
24
Let g be (-1501)/(-79) - 11/1 - (1 - 0). What is the greatest common divisor of g and 896?
7
Let s be 16/9 - (-4)/18. Suppose -14 = -3*x + s*z, x = -6*z + 2*z + 28. Suppose -194 - 10278 = -137*i + 18*i. What is the greatest common divisor of x and i?
8
Let q be (-45 + 41)*295*2/4. Let d = -358 - q. Calculate the highest common divisor of 16 and d.
8
Let h(y) = 24*y**2 + y - 2. Let q = 42 + -38. Suppose -4*v + 3*f - 2 = -3*v, q*f = v + 2. Let k be h(v). What is the greatest common factor of k and 230?
46
Suppose -3*x + 6*q - 8 = q, -4*x + 5*q - 4 = 0. Let r(i) = i**2 - 50*i - 48. Let a be r(51). Calculate the highest common factor of x and a.
1
Let a = -328 + 548. Suppose -a = -59*h + 64*h. Let j = h + 76. Calculate the greatest common factor of j and 48.
16
Let i(y) = -y**2 - 17*y - 40. Let m be i(-16). Let t be ((-14)/(448/m))/(1/68). What is the highest common factor of 561 and t?
51
Suppose 3*a + 1712 = 5*o, 5*o + 68*a - 1710 = 73*a. Suppose -349*m + 210 = -o*m. Suppose 0 = 3*g - 54 - 51. What is the greatest common factor of m and g?
35
Suppose 0 = 162*b - 98144 - 21412. Calculate the greatest common divisor of 6519 and b.
123
Suppose -24 + 92 = g. Let n = 95 - g. What is the greatest common divisor of 135 and n?
27
Let d = 4075 + -4044. Calculate the greatest common divisor of 403 and d.
31
Let w(v) = -v**3 + 7*v**2 + 16*v + 230. Let b be w(10). Calculate the highest common divisor of 13410 and b.
90
Suppose 111 = -4*o - 3*k, -92*o + 95*o - 5*k = -47. Let u be (1 + o/15)*(-339 + 14). Suppose -4*a + 39 = -3*a. Calculate the highest common factor of u and a.
39
Let z = 124 + -122. Suppose q = -5*c + 80, -3*q = q - z*c - 386. Calculate the highest common factor of 5 and q.
5
Suppose 43424 + 6879 = 17*t. What is the highest common divisor of 22 and t?
11
Let v be (48/10)/((-22)/(-165)). Let i(p) = -4*p + 44. Let c be i(-13). Calculate the highest common divisor of c and v.
12
Let p = -704 - -1008. Let r be 1840/25 + (-108)/(-45). What is the highest common divisor of r and p?
76
Let n = 17391 + -16755. Calculate the highest common divisor of n and 8056.
212
Suppose 0 = -3*u + 15, 0 = 4*p + 222*u - 223*u - 1735. What is the greatest common factor of 3567 and p?
87
Let m be (-42)/8*192/(-144). Let r be 274/m - (-11)/(-77). Calculate the greatest common factor of 572 and r.
13
Let m be 1 + (-57)/(-21) - (-4)/14. Let p(w) = 108 + 71 + 3*w**2 - 3*w - 47 - m*w**2. Let q be p(0). What is the greatest common factor of q and 22?
22
Suppose -392 = -4*o - 3*o. Let p = 37 - 76. Let a = p + o. Calculate the highest common divisor of a and 17.
17
Let j = 657 + -723. Let z be j/44*(-3)/(9/52). Calculate the greatest common divisor of z and 1274.
26
Suppose 4*l + 24 = 7*l + 2*c, l = c + 3. Let p(v) = -l + 2*v**3 - 2 - 2*v**2 - 3*v**3. Let z be p(-4). What is the highest common divisor of 24 and z?
24
Suppose 18 = -3*r, 10*q + 2*r = 7*q + 7500. Calculate the greatest common divisor of q and 8.
8
Suppose -16*x + 6232 = 2497 - 50121. What is the greatest common divisor of 18 and x?
18
Let s = -2008 - -2835. Suppose 131 = -29*l + s. What is the highest common divisor of l and 30?
6
Let t be (-8)/(-10)*((-1575)/(-14))/(-15). Let f(v) = 7*v - 21. Let c be f(t). Let i = c + 88. What is the greatest common divisor of i and 225?
25
Suppose -39*t - 17*t + 30954 + 16646 = 0. What is the highest common divisor of 2890 and t?
170
Let b be 350/8 + 7/28. Let c be (-7)/(-3) - (0 - (-6)/(-9)). Let s be (c - 1)/(1/88). What is the greatest common divisor of b and s?
44
Let f(p) = -8*p**3 - 97*p**2 - 15*p + 7. Let q be f(-12). What is the highest common factor of 172 and q?
43
Let c(z) = -z**2 - 167*z + 3791. Let h be c(20). Calculate the greatest common factor of h and 1513.
17
Let l be 11*(-56)/(-154) + 292. Calculate the highest common divisor of l and 1258.
74
Let b be 236/1534 - 24696/(-26). Calculate the highest common divisor of b and 95.
95
Let d = 454 - -11. Suppose 0 = z - 3*q - d, z + 28 - 500 = -4*q. What is the highest common factor of z and 36?
36
Suppose -57*i = -51*i - 2874. Let z = -469 + i. Let t be -6*8/(-3) - 1. Calculate the highest common factor of z and t.
5
Let u(o) = -9*o + 4*o + 182 - 213. Let z be u(-6). Let d = z - -11. What is the highest common divisor of 25 and d?
5
Let w be ((-335)/10 - -6)/(4/(-88)). Suppose 2255 = 25*y + w. Calculate the highest common divisor of y and 363.
33
Suppose 15*x - 217 = -5*a + 12*x, x + 78 = 2*a. Calculate the greatest common factor of a and 369.
41
Let r be 3610001/357 - ((-144)/(-189))/16. Calculate the greatest common factor of 158 and r.
158
Let h = 138 + -125. Suppose 0 = -11*u + 108 + h. What is the greatest common divisor of u and 22?
11
Let j(d) = 673*d**2 - 40*d + 13. Let k be j(2). Calculate the greatest common divisor of 75 and k.
75
Let g be 40*28*((-91)/14 + 7). What is the highest common factor of g and 105?
35
Let b(q) = q**3 + 91*q**2 - 413*q + 273. Let x be b(-94). Calculate the greatest common divisor of x and 123.
41
Let y(w) = w**3 - 15*w**2 + 18*w - 14. Let l be y(14). Let b = -2249 - -2375. What is the highest common factor of l and b?
42
Let o = 1026 - -274. Calculate the highest common divisor of 250 and o.
50
Suppose -h + 2 = 0, 0*m - 244 = 2*m + 5*h. Let j = m - -182. Let t = -2823 + 2828. What is the greatest common factor of t and j?
5
Let k(o) = -115*o + 6760. Let c be k(55). What is the greatest common factor of c and 690?
15
Let o be -10*(6 - 1316/35) - 8. Suppose -4*s + 4*j + 390 = 38, 236 = 3*s + 4*j. Calculate the highest common factor of s and o.
28
Suppose -836*q + 67 = 3*v - 831*q, -4*v + 4*q + 4 = 0. Calculate the highest common factor of v and 3453.
3
Let c be 8640/300*(-2640)/(-36). Calculate the greatest common divisor of c and 330.
66
Let u(o) = -2*o + 43. Let j be u(23). Let t be -1 + j + 24 + -4. What is the greatest common factor of 40 and t?
8
Let u = 16050 - 16016. What is the greatest common divisor of 134 and u?
2
Let h be (-71)/(2485/315) + (-759 + 1)*-2. What is the greatest common factor of 548 and h?
137
Let r(p) = -p**3 - 17*p**2 + 16*p + 34. Let a be r(-18). Suppose -35 - a = -35*i. What is the highest common divisor of i and 51?
3
Let u = 219 + -210. Let q(z) = 29*z - 79. Let a be q(u). Calculate the highest common factor of a and 104.
26
Let f = -131 - -211. Suppose f = 4*r - 240. Calculate the highest common divisor of 40 and r.
40
Let t be (-532)/(-95)*10/4. Suppose -60 = -4*c - 4. Let p = c + t. What is the highest common factor of 140 and p?
28
Let k = -263 - -267. Suppose -4*j + k*o - 68 = -240, 4*j = o + 178. Suppose 3*i = -i + 20. What is the highest common divisor of j and i?
5
Let b(l